alculate the greatest common factor of 1663903928 and 1712.
856
What is the greatest common factor of 69864 and 42264?
24
Calculate the highest common factor of 10317 and 3880821.
543
Calculate the highest common factor of 13724 and 98699577.
3431
What is the highest common factor of 29320 and 69528715?
3665
Calculate the greatest common divisor of 120472 and 95016.
296
What is the highest common factor of 5564594 and 215257?
1337
Calculate the highest common factor of 24624227 and 55435.
11087
What is the highest common factor of 7396 and 1982644?
172
Calculate the greatest common divisor of 157620 and 464498.
74
What is the greatest common divisor of 417 and 261536145?
417
Calculate the greatest common factor of 8748636 and 34164.
156
What is the highest common factor of 4982 and 334434187?
2491
Calculate the greatest common factor of 432197 and 1184.
37
What is the highest common divisor of 1779362 and 416?
26
What is the highest common factor of 41 and 223101049?
41
What is the greatest common divisor of 484 and 2517244?
4
What is the highest common factor of 272862760 and 1220?
1220
Calculate the highest common divisor of 2516876 and 1204.
172
What is the greatest common factor of 533941 and 9671?
509
Calculate the greatest common factor of 2054 and 3449575922.
2054
Calculate the greatest common divisor of 874 and 31128522.
46
Calculate the highest common divisor of 240 and 20526150.
30
Calculate the highest common factor of 29764 and 21567.
7
Calculate the highest common divisor of 2799 and 967959.
9
Calculate the greatest common factor of 273099 and 126.
3
What is the highest common factor of 81923041 and 394?
197
Calculate the highest common divisor of 700 and 45897880.
140
What is the highest common factor of 18034 and 113030?
254
What is the greatest common factor of 11517 and 105038879?
3839
Calculate the greatest common divisor of 331712656 and 704.
176
Calculate the greatest common factor of 759315 and 458265.
3345
Calculate the greatest common divisor of 4165 and 130629870.
595
Calculate the greatest common divisor of 154 and 9932978.
22
What is the highest common divisor of 1302480 and 468?
36
What is the greatest common factor of 7 and 16023259?
7
Calculate the greatest common factor of 1151 and 7135049.
1151
Calculate the highest common factor of 343621 and 5249.
29
Calculate the highest common divisor of 287122 and 77748.
682
What is the highest common factor of 323158805 and 5?
5
Calculate the highest common factor of 13540537 and 1.
1
Calculate the highest common factor of 383020 and 7205.
55
Calculate the greatest common divisor of 13462150 and 346723.
1937
What is the highest common divisor of 394 and 1318862598?
394
Calculate the highest common divisor of 8359980 and 155.
5
Calculate the highest common divisor of 160 and 212474320.
80
What is the highest common factor of 54868 and 25300?
44
Calculate the greatest common divisor of 268480 and 1413715.
4195
Calculate the greatest common divisor of 1535 and 597422.
307
What is the greatest common divisor of 13664 and 11465804?
1708
What is the highest common factor of 2100 and 195175?
25
What is the highest common factor of 1374 and 144957?
687
What is the greatest common factor of 263849335 and 772?
193
Calculate the greatest common divisor of 116076936 and 72.
24
What is the greatest common factor of 4 and 71434156?
4
What is the highest common factor of 53400 and 568265?
445
Calculate the highest common divisor of 231149 and 1870.
17
Calculate the greatest common factor of 444 and 392237.
37
Calculate the highest common divisor of 871371 and 38837.
547
Calculate the greatest common factor of 4056 and 200018598.
1014
Calculate the highest common factor of 90080 and 9376.
32
Calculate the greatest common factor of 558 and 9041181.
93
What is the greatest common factor of 15038240 and 3360?
1120
Calculate the highest common divisor of 63421094 and 44.
22
Calculate the greatest common factor of 872622 and 2736.
18
What is the highest common divisor of 25917 and 26765?
53
What is the greatest common factor of 1420 and 2113104130?
710
Calculate the greatest common factor of 122 and 17128983.
61
What is the greatest common divisor of 1893 and 278121453?
1893
Calculate the greatest common divisor of 3425661 and 198.
9
Calculate the greatest common divisor of 4779 and 13373181.
81
Calculate the greatest common divisor of 29812 and 676.
4
Calculate the highest common factor of 180464523 and 97.
97
Calculate the highest common divisor of 153990 and 505122.
174
What is the highest common factor of 116283 and 675282?
1401
What is the highest common factor of 27 and 47073609?
27
What is the greatest common divisor of 40561456 and 5304?
1768
Calculate the greatest common factor of 697956 and 53004.
84
Calculate the greatest common factor of 275745 and 29450.
155
Calculate the highest common divisor of 20130970 and 1434.
478
Calculate the greatest common factor of 2144 and 2165088.
32
Calculate the highest common factor of 49836 and 484404.
12
What is the greatest common divisor of 3598 and 269584?
14
Calculate the highest common divisor of 193859822 and 292.
146
Calculate the greatest common divisor of 4590029 and 28.
1
Calculate the highest common factor of 115830 and 716430.
4290
Calculate the greatest common divisor of 8264820 and 4240.
1060
What is the greatest common divisor of 76815558 and 18?
18
What is the highest common divisor of 4773 and 3441?
111
Calculate the highest common factor of 1501737 and 15.
3
Calculate the highest common divisor of 538357968 and 32.
16
What is the highest common divisor of 19057 and 315571?
323
What is the highest common factor of 10411440 and 15336?
1704
Calculate the highest common factor of 27696127 and 949.
73
What is the greatest common divisor of 593317 and 177157?
289
What is the greatest common divisor of 43160 and 322296?
104
What is the greatest common divisor of 609 and 103293969?
87
What is the highest common factor of 412000934 and 10090?
2018
What is the highest common factor of 16 and 75192896?
16
Calculate the highest common factor of 4515 and 3330565.
1505
What is the highest common factor of 156327 and 18939?
321
Calculate the highest common factor of 149850 and 14670.
90
Calculate the greatest common divisor of 11929328 and 13924.
236
What is the greatest common factor of 639900696 and 1644?
1644
What is the highest common divisor of 109321700 and 200?
100
What is the greatest common factor of 10132 and 4672640?
596
What is the greatest common divisor of 765879 and 13275?
177
What is the greatest common factor of 109763 and 32023873?
2071
What is the greatest common factor of 4770394 and 19627?
1033
What is the greatest common factor of 19951298 and 96934?
5702
Calculate the greatest common factor of 748 and 33067012.
44
Calculate the greatest common factor of 221041777 and 5606.
2803
Calculate the highest common factor of 16187318 and 126.
14
Calculate the greatest common factor of 382410 and 2940.
210
What is the highest common factor of 19 and 315568207?
19
What is the greatest common factor of 1107 and 37495361?
41
Calculate the highest common factor of 1186850 and 5600.
350
What is the greatest common factor of 63728 and 31950488?
4552
Calculate the greatest common factor of 1272 and 5388987.
159
What is the highest common factor of 30 and 4732032?
6
What is the highest common divisor of 202148694 and 2032?
254
What is the greatest common divisor of 26059 and 16054?
23
Calculate the greatest common factor of 7 and 3161221147.
7
What is the highest common divisor of 219928711 and 578?
289
Calculate the highest common factor of 42556398 and 6264.
174
What is the greatest common factor of 453258 and 6281244?
2682
What is the highest common divisor of 53973851 and 72553?
5581
Calculate the greatest common divisor of 7669477 and 2384.
149
What is the greatest common factor of 280 and 58744420?
140
What is the highest common factor of 9356 and 96500123?
2339
What is the highest common factor of 79528707 and 81?
9
Calculate the highest common divisor of 571683 and 236229.
147
What is the greatest common factor of 815445230 and 47766?
15922
What is the highest common divisor of 511772 and 7433884?
5276
What is the greatest com